nd f.
11
Let j(f) = 0*f + 4 - 9 - 7*f + 13. Let d be j(-4). Let n = -28 + d. Calculate the greatest common factor of n and 24.
8
Suppose 1180 = 3*f - r, -3*r + 1582 = 4*f - 0*f. Let l = 664 - f. Calculate the greatest common factor of 30 and l.
30
Let b(z) = z**2 + 36*z + 36. Let v be b(-35). Let h be 80/6*5/(-40)*-12. What is the highest common divisor of h and v?
1
Let p(a) = 23*a**2 + 96*a + 28. Let j be p(9). Calculate the highest common divisor of j and 435.
145
Suppose 13 = 3*k - 29. Let r = -61 + 66. Let d(q) = 3*q**2 - 5*q - 8. Let w be d(r). Calculate the highest common divisor of w and k.
14
Suppose 0 = -11*t + 9*t + 4*v + 116, v = 4*t - 232. Let b = t + -56. What is the highest common factor of b and 9?
1
Let p = 4243 - 4173. What is the greatest common divisor of p and 435?
5
Suppose 0 = -8*w - 12*w + 481520. Calculate the highest common divisor of w and 13.
13
Suppose 0 = -12*o + 5*o + 56. Let g(n) = 2*n - 16. Let z be g(o). Suppose v = -z*v + 2. What is the greatest common divisor of v and 22?
2
Let v(l) = l**3 - 10*l**2 - 14*l + 36. Let g be v(11). Suppose 3*b + g*s - 1140 = 0, 4*b - 494 - 1031 = -3*s. What is the greatest common factor of b and 77?
77
Suppose -8*l - 54 + 6 = 0. Let z be 29/(7*l/(-42)). Calculate the highest common divisor of z and 87.
29
Let g(p) = 17*p**2 - 2*p + 49. Let u be g(7). What is the highest common factor of 713 and u?
31
Let w(q) = -147*q - 3544. Let v be w(-25). What is the greatest common divisor of 6419 and v?
131
Let i(p) = -p + 341. Let t be (-22 - 4 - -3) + 1. Let u be i(t). What is the highest common divisor of 99 and u?
33
Let r be (-1)/(-11) - 828006/(-1298). What is the highest common factor of r and 1102?
58
Let b be 491*(71 - 7) + -19. What is the highest common divisor of 110 and b?
55
Let a be 969/(-8 - -5) - -4. Let s = 343 + a. Calculate the highest common divisor of s and 24.
24
Let a(k) = 164*k**2 + 145*k + 725. Let s be a(-5). What is the greatest common factor of 246 and s?
82
Let q be (-15 - -3) + (-2)/(-2). Let k(x) = x + 14. Let l be k(q). Let n be 4 + (-202)/(-6)*l. Calculate the greatest common divisor of 21 and n.
21
Let c(d) = -d**3 - 30*d**2 + 61*d - 88. Let p be c(-32). Calculate the greatest common divisor of 27 and p.
1
Let t = -15287 - -21199. Calculate the greatest common factor of t and 32.
8
Suppose 0 = 4*t + 6 - 14. Suppose -h - t*h = -240. Suppose 0 = 15*d - 58 - 182. Calculate the greatest common divisor of d and h.
16
Let f(o) be the second derivative of 4*o**3/3 + 367*o**2/2 + 216*o. Let q be f(-11). What is the greatest common divisor of q and 124?
31
Let n be -6*380/300*-120. What is the greatest common factor of n and 2352?
48
Suppose -g - 5*p + 24 = 0, 2*g = 3*p - p - 12. Let d be 135/20*(g + 21). What is the greatest common divisor of 105 and d?
15
Suppose x - 9 = 1. Let w be ((-8)/x)/(3/(-150)). Let n(u) = 6*u**3 + 45*u**2 + 18*u + 3. Let g be n(-7). What is the highest common divisor of w and g?
8
Suppose 0*p = -8*p + 5*h + 27664, 2*p - 4*h = 6916. Calculate the greatest common divisor of 104 and p.
26
Suppose 0 = 198*q - 259*q + 4758. What is the greatest common factor of 66 and q?
6
Suppose -6*c + 167 = -7. Suppose -6*h + 4*h = 50. Let u = c + h. Calculate the greatest common divisor of u and 10.
2
Let a be (1 - -2)*(-3 - -6). Let r = 27 + a. Let j = 1430 - 1418. Calculate the greatest common divisor of j and r.
12
Suppose 0 = -3*b + 3*l + 447, 309 = 5*b - 2*l - 457. Calculate the highest common factor of b and 92.
4
Let t be 360/63 - 2/(-7). Let x(u) = 28*u + 7. Let y be x(t). Suppose 0 = -r - 5*p + 90, -2*r + 4*p = -p - 120. Calculate the highest common divisor of y and r.
35
Let f(y) = 2*y**2 + 10*y + 40. Let n be f(-10). Suppose -8*l - 4*o = -7*l - 40, 4*o + n = 4*l. What is the highest common factor of l and 27?
9
Let j = 7 - 5. Suppose j*r - 17 = 65. Let w = r + -27. Calculate the greatest common factor of w and 98.
14
Suppose -17*t - 48 = -388. What is the greatest common factor of 11 and t?
1
Let m(u) = -3*u**3 - 2*u**2 - 2*u - 2. Suppose 0 = -9*v - 9 - 9. Let w be m(v). Let p = w + -9. Calculate the greatest common divisor of p and 9.
9
Let t = 3792 + -3782. Suppose 0 = -5*o - 0 + 25. Suppose o*c = -d + 75, 4*d = 3*c - 0*c + 185. What is the greatest common factor of d and t?
10
Suppose 5*v - 2964 - 36 = 0. Suppose c = 3*r + 20 + 19, -5*r + 71 = 4*c. What is the greatest common factor of c and v?
24
Let y be (10 + -7)*(-1 + (-20)/(-3)). Let z be 9/(-6)*((-128)/72)/((-4)/(-102)). What is the highest common divisor of y and z?
17
Let l = 346 - 1024. Let r = l - -685. Calculate the highest common factor of 182 and r.
7
Suppose 58 = 33*x + 25. Let s be (-2 - -1)/x - -4. Calculate the greatest common divisor of s and 4.
1
Let h = -12669 - -12706. Calculate the highest common divisor of 8991 and h.
37
Suppose -4*z - 123 = 5*b - 841, -b = 3*z - 148. Calculate the greatest common factor of b and 11857.
71
Let d be (6477 - (21 - 8)) + 7 + (-36)/6. What is the highest common factor of 15 and d?
15
Suppose 2365 = 2*n + a, -5*a = -18*n + 13*n + 5935. Calculate the greatest common divisor of 1628 and n.
148
Let u = 47 - 43. Suppose -2*j + 287 - 67 = u*p, 2*j = 2*p + 238. Suppose -3*f = -j + 8. Calculate the greatest common divisor of f and 252.
36
Let c = -144 + 527. Suppose -60*k - 23 + c = 0. Calculate the greatest common divisor of 111 and k.
3
Suppose 5 - 17 = -2*q - 4*a, 2*q = -2*a + 12. Let v(k) = k + 5. Let g be v(-1). Suppose g*r - q = 3*r. What is the greatest common factor of 9 and r?
3
Let k(b) = 260*b + 62. Let f be k(4). Calculate the greatest common factor of f and 95.
19
Let j(h) = 2*h**2 + 25*h + 1. Suppose 0 = 11*p + 134 + 9. Let z be j(p). What is the highest common factor of z and 266?
14
Let r = 34 + 62. Suppose -18*i + 22*i = -24, -5*i + 30 = 5*m. What is the greatest common divisor of m and r?
12
Let x be (-902)/2 + 36 + -32. Let q = x + 467. What is the greatest common factor of 48 and q?
4
Suppose 2*b = 5*z - 34, 0 = b + b - z + 34. Let q = b + 45. Suppose 33*c - q*c = 490. Calculate the highest common divisor of 14 and c.
14
Suppose -u - 40 = 3*u. Let s be (-4)/u*(35 - 0). Let v(f) = -f**3 - 22*f**2 + 402*f + 8995. Let t be v(-21). What is the highest common factor of s and t?
14
Suppose -3*l + 2*p + 16 = -9, -3*l + 5 = 2*p. Suppose 145 = 2*m - 0*s - l*s, 5*s - 135 = -2*m. Calculate the highest common factor of m and 700.
70
Let u be 1*(-4 + 1 + 4) - 7. Let l be (1/1)/((-2)/u). What is the highest common factor of l and 21?
3
Suppose 4*j = t + 13 + 6, -4*t = -j + 1. Suppose -4*l = 2*z - 684, j*l + 31*z - 856 = 28*z. Calculate the greatest common divisor of 204 and l.
34
Let b(m) = 1246*m**2 + 181*m + 180. Let k be b(-1). What is the greatest common factor of 3237 and k?
249
Let i be (-2)/4*(7 - (10 - 1)). Let a be 13 + -8 + 3 + i. Calculate the highest common factor of 99 and a.
9
Suppose -b - 4*b - 270 = -585. Let i(f) = f**3 - 6*f**2 + 7*f - 6. Let m be i(6). Calculate the greatest common divisor of m and b.
9
Let a be 11/2 - ((-4)/8 + 1). Let g be 1*(-5)/(-25)*a. Calculate the greatest common factor of g and 11.
1
Let d(o) = -o. Let g be d(2). Let a be (8/g)/1 - -49. Suppose 2*t - t = a. What is the highest common divisor of 9 and t?
9
Let w = -1524 + 1619. Calculate the highest common divisor of 130 and w.
5
Let a(j) = 11 + 50*j**2 - 38 - 12*j - 51*j**2. Let r be a(-9). Suppose 4*o + 15 - 59 = r. Calculate the highest common factor of o and 77.
11
Suppose -5*i + 1567 = -3*f, -5*i + 16*f = 11*f - 1565. Let s = i + -268. What is the highest common divisor of 184 and s?
46
Let a be (1 + (-4 - 7))/((-38)/76). Calculate the greatest common factor of 30 and a.
10
Suppose 89*a - 646 = -112. Suppose 0 = 2*h + h - 63. Let m = h - 3. What is the highest common divisor of a and m?
6
Suppose p + 2*d - 78 = -0*d, -d = -4*p + 321. Suppose -3*v - 96 = -2*u, 2*u = 4*u + 5*v - 160. Calculate the highest common divisor of p and u.
20
Let b(k) = -k**2 + 25*k - 14. Let m be b(10). Suppose -4*v + 8*v - m = 0. Suppose -8*z + v = -30. What is the highest common divisor of z and 24?
8
Let l be ((-18)/(-135) - 2/15)*-1. Suppose n = -4, 2*t = -l*t + 5*n + 94. Calculate the greatest common factor of 111 and t.
37
Suppose 3*m = -3*h + 36, 0 = -16*h 